reatest common divisor of 352 and p?
22
Suppose 0 = -3*i + 343 - 7. Let p = 162 - i. Suppose -2*l - 2*l = -120. Calculate the highest common divisor of p and l.
10
Suppose -4*p + 42 = -2*p. Suppose -16*h - 1335 = -h. Let s = h - -320. Calculate the greatest common divisor of s and p.
21
Let z be (0*3*(-4)/36)/2. Suppose -5*s + 2*y + 161 = z, 3*s + 4*y - 107 = -0*y. Calculate the greatest common divisor of 3 and s.
3
Suppose -5693 = -9*b - 5558. What is the greatest common divisor of 84 and b?
3
Let g(x) = 14*x - 13 - 2*x - 10*x. Let d be g(8). Suppose 0 = 3*w + d - 12. Calculate the greatest common divisor of w and 12.
3
Let j(n) = 2*n + 44. Suppose 62 = -6*l - 46. Let g be j(l). Suppose 3*w - 4*b = 8, 2*b + 2*b = w + 8. Calculate the greatest common divisor of g and w.
8
Suppose -b - 7*b = -1600. Let x = b - 25. What is the highest common divisor of 70 and x?
35
Let n be (-4)/((-12)/(-26) - (-550)/(-910)). What is the highest common divisor of n and 7868?
28
Suppose 275 = 11*x - 22. Let s(h) = 8*h + 8*h - 5 + 4*h - x*h. Let m be s(-3). What is the highest common divisor of m and 4?
4
Suppose -1412*t = -1407*t + 765. Let q = -111 - t. Calculate the highest common divisor of q and 98.
14
Suppose 2*h + 582 = 4*u, -4*u - 15*h + 10*h = -533. Calculate the highest common divisor of u and 10082.
142
Let m = 235 - 107. Let u be 22*24/132 + 1. Suppose -a = -u*a + m. Calculate the highest common divisor of 16 and a.
16
Let v(z) = -3*z**3 - 7*z**2 - 10*z - 12. Let a be v(-6). Suppose 4*h - 2*k - a = 0, -h + 5*h - 446 = k. What is the highest common divisor of h and 84?
28
Let q(h) = h**3 + 7*h**2 - 31*h - 2. Let z be q(-10). Suppose 2*j = -w + 56, 3*j = -3*w + z*w + 84. Calculate the greatest common divisor of j and 84.
28
Let c be 120/6 - (-31 + -259). Calculate the highest common factor of 110 and c.
10
Let g = -1057 - -1086. Let y(r) = -r**3 + 7*r**2 - 6*r + 4. Let i be y(6). Suppose -i*k + 281 = -763. Calculate the greatest common divisor of k and g.
29
Suppose -16*d + 42 = 5*d. Let t be d + 3 + (8 - -2). What is the greatest common factor of t and 55?
5
Let r(j) = 5*j + 42. Let s be r(-8). Suppose -a + f = 0, 2*a - 5 = f - 1. Suppose -7*b = -s*b, 24 = 2*t + a*b. Calculate the greatest common divisor of 8 and t.
4
Suppose 2*t - 5*f = 1703, -t - 311*f + 889 = -306*f. Let z = -36 - -90. What is the greatest common divisor of z and t?
54
Let j = -67 - -67. Let p(d) = 10*d + 240. Let q be p(j). What is the greatest common factor of q and 32?
16
Suppose -98020 = -3*f + 5*v, 0 = -11*f + 21*f - 2*v - 326792. Calculate the greatest common divisor of f and 304.
152
Let w = 62 + -35. Suppose 36*j = 45*j - 1593. Suppose -2*t + 201 = -j. Calculate the highest common factor of w and t.
27
Let n = 11 + -1. Suppose 2*b = -4*g - n, -2*g - b - 35 = -6*b. Let t be 30 + 1 + (g - -2). What is the highest common divisor of 42 and t?
14
Suppose 2*a - 32 = -57*b + 61*b, 4*a - 86 = -3*b. What is the greatest common factor of 2810 and a?
10
Let q = 1015 - 319. Let c = q + -644. Let m(x) = x**3 + 6*x**2 + 4. Let l be m(-6). What is the greatest common factor of c and l?
4
Let a(g) = -108*g + 1948. Let i be a(18). Calculate the highest common factor of 93 and i.
1
Suppose 0 = 44*b + 33*b - 2079. Calculate the greatest common factor of 1107 and b.
27
Let n(y) = 21*y**2 - 6*y - 6. Let a be n(-2). What is the greatest common divisor of a and 5850?
90
Suppose -j + 18 = -0*j. Let k(d) = -d**3 + 9*d**2 - 9*d + 5. Let v be k(8). Let r be ((-21)/14)/(v/144). Calculate the greatest common factor of j and r.
18
Let l = 199 + -67. Let w(d) = 6*d + 2. Let i be w(8). Let p = i + -17. Calculate the greatest common divisor of l and p.
33
Suppose 2*d = 4*g + 504, -275*g + 276*g - 1194 = -5*d. Calculate the highest common divisor of 9480 and d.
120
Let v(l) = 10*l**2 + 108*l + 626. Let d be v(-6). What is the highest common factor of d and 845?
169
Let u(g) = -557*g - 3996. Let c be u(-12). Calculate the greatest common divisor of c and 352.
32
Suppose -354*s + 6440490 - 1945044 = 0. Calculate the highest common divisor of 153 and s.
153
Let l = -9154 + 9237. What is the highest common divisor of l and 8383?
83
Let d be (-195)/(-50) + (-117)/26 - 643/(-5). What is the greatest common factor of 2624 and d?
64
Suppose -37*z = -38*z + u + 1, 4*u = -5*z + 14. Calculate the highest common factor of z and 8.
2
Suppose 6*p - y = 30 + 37, y = 3*p - 31. Calculate the greatest common divisor of 3450 and p.
6
Suppose 2*p = 4*t + 900, 5*p + 3*t - 1407 - 804 = 0. What is the highest common divisor of p and 204?
12
Let b be ((-2)/10)/(2/40*-2). Let c be 18/b + 6 - 4/1. What is the greatest common factor of 319 and c?
11
Let s(i) = i**2 - 3*i - 5. Let l be s(-5). Let g = 1086 + -370. Let b = 721 - g. What is the highest common divisor of b and l?
5
Let w be 2/6 - -1*(-33)/(-9). Suppose 2*s = 2*i + 39 + 113, -306 = -w*s + 3*i. What is the greatest common divisor of 18 and s?
6
Suppose -85 - 137 = -5*v - i, 0 = -3*v - 5*i + 120. Suppose c + 43 = v. What is the greatest common divisor of 10 and c?
2
Suppose 1057 = -4*j + 197. Let x = -193 - j. What is the highest common factor of x and 2?
2
Let i(c) = 130*c + 72. Let u be i(2). Suppose 22*k - u - 416 = 0. Suppose 2*d + j - 542 = 0, -8 = j + 3*j. Calculate the highest common divisor of k and d.
34
Suppose 84*o - 204915 - 119921 = -99380. What is the greatest common divisor of 44 and o?
44
Suppose 3*o - 22 = -2*a, 4*a - 3*o - 110 = -12. Calculate the highest common factor of 14860 and a.
20
Suppose -5*j = -0*j - k - 335, k = 2*j - 131. Let n be 102/4*(-48)/(-36). Calculate the highest common factor of n and j.
34
Suppose -r - 5 = -2*n + 5, 5*n - 5 = 0. Let f be -4 - (-208 - (r + 13)). What is the greatest common factor of 38 and f?
19
Suppose -3*q = 5*f - 1082 - 529, 527 = q + 5*f. Let w = 857 - q. Calculate the greatest common divisor of 45 and w.
45
Let y = 1 + 3. Let o(x) = 4*x**3 - 10*x**2 + 11*x - 10. Let d be o(2). Calculate the greatest common divisor of y and d.
4
Let y = -322 + 247. Let v = y - -80. Calculate the greatest common factor of v and 55.
5
Suppose 2*q + 121 = 5*v, 2*v + 0*v = 5*q + 61. Calculate the greatest common divisor of 13823 and v.
23
Let h be 3*(-4)/16*(-1 + -3). Suppose -5*k + q + 23 = -72, -5*q = h*k - 85. Calculate the greatest common factor of 50 and k.
10
Let n(x) = 152*x**2 + 81*x + 154. Let o be n(-2). Suppose -2*s = -w - 48, -w + 48 = 3*s - s. What is the greatest common factor of o and s?
24
Let y(i) be the first derivative of -1/4*i**4 + 16*i - 21 + 11/2*i**2 + 11/3*i**3. Let n be y(12). What is the highest common factor of n and 28?
4
Let l be -8 + 923/117 + 2/18. Let k(v) = -v + 52. Let r be k(l). What is the greatest common divisor of r and 130?
26
Let d(q) = -3*q**2 + 19*q + 477. Let m be d(16). What is the greatest common divisor of 3484 and m?
13
Let h(b) = -b**3 - 9*b**2 + 355*b + 94. Let q be h(15). Suppose 6*m - 865 = m + 2*x, x + 176 = m. Calculate the highest common divisor of q and m.
19
Let t(i) = 2*i - 9*i - 1 + 3*i**2 - 5. Let s be t(-4). Suppose 80 = 5*b - 4*z, -3*z = -5*b - z + s. Calculate the greatest common factor of 9 and b.
3
Let r(t) = -14*t - 52. Let j be r(-4). Suppose -3*b + 404 = -4*h - 2624, j*b - 4030 = -2*h. What is the greatest common divisor of b and 42?
42
Let c be (-2865)/4775*((-455)/3 + 0). Let b be 13 + (1 - 0) + -1. What is the highest common divisor of c and b?
13
Let w = -88 - -97. Let n(y) = y + 12. Let f be n(-5). Let s(t) = 7*t - 4. Let l be s(f). What is the greatest common divisor of l and w?
9
Let h = 7 + -3. Suppose 0*s + h*s = m - 2, m = -2*s + 8. Suppose -m = n - 11. Calculate the greatest common divisor of 40 and n.
5
Let i be -7 + 13 - 6 - -1840. Suppose 9*k - i = -14*k. Suppose 2*y - 14 = 26. What is the greatest common divisor of k and y?
20
Let w = -147 - -89. Let i = w - -17. Let p = 15 - i. What is the greatest common factor of 14 and p?
14
Let b be ((-5)/(-10))/(8/(-224)). Let i be b/35 - -4*(-26)/(-10). Calculate the greatest common factor of i and 370.
10
Let z(u) = 24*u**2 + 2*u. Let b = -139 + 138. Let v be z(b). Calculate the greatest common divisor of 110 and v.
22
Let g = 35 - 22. Suppose -5*i + 2*s - 36 + g = 0, -3*s + 22 = -5*i. Let f be ((-21)/15)/(i/25)